{"id":924,"date":"2024-01-04T23:15:00","date_gmt":"2024-01-05T02:15:00","guid":{"rendered":"https:\/\/amparosocial.com.br\/?page_id=924"},"modified":"2025-11-14T18:51:08","modified_gmt":"2025-11-14T21:51:08","slug":"quem-somos","status":"publish","type":"page","link":"http:\/\/amparosocial.com.br\/?page_id=924","title":{"rendered":"Quem somos"},"content":{"rendered":"\t\t<div data-elementor-type=\"wp-page\" data-elementor-id=\"924\" class=\"elementor elementor-924\" data-elementor-post-type=\"page\">\n\t\t\t\t\t\t<section class=\"elementor-section elementor-top-section elementor-element elementor-element-e30b039 elementor-section-height-min-height elementor-reverse-mobile elementor-section-boxed elementor-section-height-default elementor-section-items-middle\" data-id=\"e30b039\" data-element_type=\"section\" data-e-type=\"section\" data-settings=\"{&quot;background_background&quot;:&quot;gradient&quot;}\">\n\t\t\t\t\t\t\t<div class=\"elementor-background-overlay\"><\/div>\n\t\t\t\t\t\t\t<div class=\"elementor-container elementor-column-gap-default\">\n\t\t\t\t\t<div class=\"elementor-column elementor-col-100 elementor-top-column elementor-element elementor-element-e3e6f61\" data-id=\"e3e6f61\" data-element_type=\"column\" data-e-type=\"column\">\n\t\t\t<div class=\"elementor-widget-wrap elementor-element-populated\">\n\t\t\t\t\t\t<section class=\"elementor-section elementor-inner-section elementor-element elementor-element-7037d2e elementor-reverse-mobile elementor-reverse-tablet elementor-section-boxed elementor-section-height-default elementor-section-height-default\" data-id=\"7037d2e\" data-element_type=\"section\" data-e-type=\"section\">\n\t\t\t\t\t\t<div class=\"elementor-container elementor-column-gap-default\">\n\t\t\t\t\t<div class=\"elementor-column elementor-col-50 elementor-inner-column elementor-element elementor-element-ccfe76b\" data-id=\"ccfe76b\" data-element_type=\"column\" data-e-type=\"column\">\n\t\t\t<div class=\"elementor-widget-wrap\">\n\t\t\t\t\t\t\t<\/div>\n\t\t<\/div>\n\t\t\t\t<div class=\"elementor-column elementor-col-50 elementor-inner-column elementor-element elementor-element-9c708a4\" data-id=\"9c708a4\" data-element_type=\"column\" data-e-type=\"column\">\n\t\t\t<div class=\"elementor-widget-wrap elementor-element-populated\">\n\t\t\t\t\t\t<div class=\"elementor-element elementor-element-aec109f elementor-widget__width-initial elementor-widget elementor-widget-heading\" data-id=\"aec109f\" data-element_type=\"widget\" data-e-type=\"widget\" data-widget_type=\"heading.default\">\n\t\t\t\t<div class=\"elementor-widget-container\">\n\t\t\t\t\t<h2 class=\"elementor-heading-title elementor-size-default\">Prote\u00e7\u00e3o e Suporte para os Trabalhadores e suas Fam\u00edlias!<\/h2>\t\t\t\t<\/div>\n\t\t\t\t<\/div>\n\t\t\t\t<div class=\"elementor-element elementor-element-8d70257 elementor-widget__width-initial elementor-widget elementor-widget-text-editor\" data-id=\"8d70257\" data-element_type=\"widget\" data-e-type=\"widget\" data-widget_type=\"text-editor.default\">\n\t\t\t\t<div class=\"elementor-widget-container\">\n\t\t\t\t\t\t\t\t\t<p><strong>\u00a0 \u00a0<\/strong><\/p><p><strong>O Amparo Social \u00e9 um benef\u00edcio de prote\u00e7\u00e3o voltado aos trabalhadores e suas fam\u00edlias, <\/strong>criado para oferecer suporte imediato em momentos de vulnerabilidade, especialmente em situa\u00e7\u00f5es de falecimento. Os benef\u00edcios s\u00e3o disponibilizados mediante a cadastro das empresas e podem ser solicitados atrav\u00e9s do telefone (21) 98513-7000 ou pelo E-mail: gest\u00e3o@amparosocial.com.br<\/p>\t\t\t\t\t\t\t\t<\/div>\n\t\t\t\t<\/div>\n\t\t\t\t\t<\/div>\n\t\t<\/div>\n\t\t\t\t\t<\/div>\n\t\t<\/section>\n\t\t\t\t\t<\/div>\n\t\t<\/div>\n\t\t\t\t\t<\/div>\n\t\t<\/section>\n\t\t\t\t<section class=\"elementor-section elementor-top-section elementor-element elementor-element-ac6e15d elementor-section-boxed elementor-section-height-default elementor-section-height-default\" data-id=\"ac6e15d\" data-element_type=\"section\" data-e-type=\"section\">\n\t\t\t\t\t\t<div class=\"elementor-container elementor-column-gap-default\">\n\t\t\t\t\t<div class=\"elementor-column elementor-col-100 elementor-top-column elementor-element elementor-element-e89472a\" data-id=\"e89472a\" data-element_type=\"column\" data-e-type=\"column\">\n\t\t\t<div class=\"elementor-widget-wrap elementor-element-populated\">\n\t\t\t\t\t\t<div class=\"elementor-element elementor-element-dac63cc elementor-widget elementor-widget-text-editor\" data-id=\"dac63cc\" data-element_type=\"widget\" data-e-type=\"widget\" data-widget_type=\"text-editor.default\">\n\t\t\t\t<div class=\"elementor-widget-container\">\n\t\t\t\t\t\t\t\t\t<p>Lorem ipsum dolor sit amet, consectetur adipiscing elit. Ut elit tellus, luctus nec ullamcorper mattis, pulvinar dapibus leo.<\/p>\t\t\t\t\t\t\t\t<\/div>\n\t\t\t\t<\/div>\n\t\t\t\t\t<\/div>\n\t\t<\/div>\n\t\t\t\t\t<\/div>\n\t\t<\/section>\n\t\t\t\t<\/div>\n\t\t","protected":false},"excerpt":{"rendered":"<p>Prote\u00e7\u00e3o e Suporte para os Trabalhadores e suas Fam\u00edlias! \u00a0 \u00a0 O Amparo Social \u00e9 um benef\u00edcio de prote\u00e7\u00e3o voltado aos trabalhadores e suas fam\u00edlias, criado para oferecer suporte imediato em momentos de vulnerabilidade, especialmente em situa\u00e7\u00f5es de falecimento. Os benef\u00edcios s\u00e3o disponibilizados mediante a cadastro das empresas e podem ser solicitados atrav\u00e9s do telefone [&hellip;]<\/p>\n","protected":false},"author":1,"featured_media":0,"parent":0,"menu_order":0,"comment_status":"closed","ping_status":"closed","template":"elementor_header_footer","meta":{"footnotes":""},"class_list":["post-924","page","type-page","status-publish","hentry","entry"],"_links":{"self":[{"href":"http:\/\/amparosocial.com.br\/index.php?rest_route=\/wp\/v2\/pages\/924","targetHints":{"allow":["GET"]}}],"collection":[{"href":"http:\/\/amparosocial.com.br\/index.php?rest_route=\/wp\/v2\/pages"}],"about":[{"href":"http:\/\/amparosocial.com.br\/index.php?rest_route=\/wp\/v2\/types\/page"}],"author":[{"embeddable":true,"href":"http:\/\/amparosocial.com.br\/index.php?rest_route=\/wp\/v2\/users\/1"}],"replies":[{"embeddable":true,"href":"http:\/\/amparosocial.com.br\/index.php?rest_route=%2Fwp%2Fv2%2Fcomments&post=924"}],"version-history":[{"count":55,"href":"http:\/\/amparosocial.com.br\/index.php?rest_route=\/wp\/v2\/pages\/924\/revisions"}],"predecessor-version":[{"id":2930,"href":"http:\/\/amparosocial.com.br\/index.php?rest_route=\/wp\/v2\/pages\/924\/revisions\/2930"}],"wp:attachment":[{"href":"http:\/\/amparosocial.com.br\/index.php?rest_route=%2Fwp%2Fv2%2Fmedia&parent=924"}],"curies":[{"name":"wp","href":"https:\/\/api.w.org\/{rel}","templated":true}]}}

<div data-elementor-type="wp-page" data-elementor-id="924" class="elementor elementor-924" data-elementor-post-type="page">
						<section class="elementor-section elementor-top-section elementor-element elementor-element-e30b039 elementor-section-height-min-height elementor-reverse-mobile elementor-section-boxed elementor-section-height-default elementor-section-items-middle" data-id="e30b039" data-element_type="section" data-e-type="section" data-settings="{&quot;background_background&quot;:&quot;gradient&quot;}">
							<div class="elementor-background-overlay"></div>
							<div class="elementor-container elementor-column-gap-default">
					<div class="elementor-column elementor-col-100 elementor-top-column elementor-element elementor-element-e3e6f61" data-id="e3e6f61" data-element_type="column" data-e-type="column">
			<div class="elementor-widget-wrap elementor-element-populated">
						<section class="elementor-section elementor-inner-section elementor-element elementor-element-7037d2e elementor-reverse-mobile elementor-reverse-tablet elementor-section-boxed elementor-section-height-default elementor-section-height-default" data-id="7037d2e" data-element_type="section" data-e-type="section">
						<div class="elementor-container elementor-column-gap-default">
					<div class="elementor-column elementor-col-50 elementor-inner-column elementor-element elementor-element-ccfe76b" data-id="ccfe76b" data-element_type="column" data-e-type="column">
			<div class="elementor-widget-wrap">
							</div>
		</div>
				<div class="elementor-column elementor-col-50 elementor-inner-column elementor-element elementor-element-9c708a4" data-id="9c708a4" data-element_type="column" data-e-type="column">
			<div class="elementor-widget-wrap elementor-element-populated">
						<div class="elementor-element elementor-element-aec109f elementor-widget__width-initial elementor-widget elementor-widget-heading" data-id="aec109f" data-element_type="widget" data-e-type="widget" data-widget_type="heading.default">
				<div class="elementor-widget-container">
					<h2 class="elementor-heading-title elementor-size-default">Proteção e Suporte para os Trabalhadores e suas Famílias!</h2>				</div>
				</div>
				<div class="elementor-element elementor-element-8d70257 elementor-widget__width-initial elementor-widget elementor-widget-text-editor" data-id="8d70257" data-element_type="widget" data-e-type="widget" data-widget_type="text-editor.default">
				<div class="elementor-widget-container">
									<p><strong>   </strong></p><p><strong>O Amparo Social é um benefício de proteção voltado aos trabalhadores e suas famílias, </strong>criado para oferecer suporte imediato em momentos de vulnerabilidade, especialmente em situações de falecimento. Os benefícios são disponibilizados mediante a cadastro das empresas e podem ser solicitados através do telefone (21) 98513-7000 ou pelo E-mail: gestão@amparosocial.com.br</p>								</div>
				</div>
					</div>
		</div>
					</div>
		</section>
					</div>
		</div>
					</div>
		</section>
				<section class="elementor-section elementor-top-section elementor-element elementor-element-ac6e15d elementor-section-boxed elementor-section-height-default elementor-section-height-default" data-id="ac6e15d" data-element_type="section" data-e-type="section">
						<div class="elementor-container elementor-column-gap-default">
					<div class="elementor-column elementor-col-100 elementor-top-column elementor-element elementor-element-e89472a" data-id="e89472a" data-element_type="column" data-e-type="column">
			<div class="elementor-widget-wrap elementor-element-populated">
						<div class="elementor-element elementor-element-dac63cc elementor-widget elementor-widget-text-editor" data-id="dac63cc" data-element_type="widget" data-e-type="widget" data-widget_type="text-editor.default">
				<div class="elementor-widget-container">
									<p>Lorem ipsum dolor sit amet, consectetur adipiscing elit. Ut elit tellus, luctus nec ullamcorper mattis, pulvinar dapibus leo.</p>								</div>
				</div>
					</div>
		</div>
					</div>
		</section>
				</div>

<p>Proteção e Suporte para os Trabalhadores e suas Famílias!     O Amparo Social é um benefício de proteção voltado aos trabalhadores e suas famílias, criado para oferecer suporte imediato em momentos de vulnerabilidade, especialmente em situações de falecimento. Os benefícios são disponibilizados mediante a cadastro das empresas e podem ser solicitados através do telefone [&hellip;]</p>
